4?
True
Does 41 divide 12751?
True
Is 5 a factor of 320?
True
Is 10 a factor of 4250?
True
Is 39 a factor of 1131?
True
Is 7448 a multiple of 28?
True
Does 60 divide 5181?
False
Is 5 a factor of 460?
True
Is 44 a factor of 914?
False
Is 597 a multiple of 14?
False
Does 113 divide 3424?
False
Is 103 a multiple of 22?
False
Is 1144 a multiple of 22?
True
Is 19443 a multiple of 125?
False
Is 44688 a multiple of 266?
True
Is 196 a multiple of 38?
False
Is 44 a factor of 2376?
True
Does 116 divide 2264?
False
Does 3 divide 122?
False
Does 28 divide 12684?
True
Is 192 a factor of 5647?
False
Is 4730 a multiple of 22?
True
Does 9 divide 261?
True
Is 17 a factor of 70?
False
Is 3 a factor of 81?
True
Is 19 a factor of 307?
False
Is 16240 a multiple of 80?
True
Is 2965 a multiple of 50?
False
Does 4 divide 1840?
True
Does 10 divide 3020?
True
Is 24 a factor of 691?
False
Is 6 a factor of 9091?
False
Does 12 divide 1039?
False
Does 10 divide 1990?
True
Is 233 a factor of 16077?
True
Is 117 a factor of 3276?
True
Is 30 a factor of 3960?
True
Is 864 a multiple of 48?
True
Is 35 a factor of 13752?
False
Is 41 a factor of 82?
True
Does 14 divide 406?
True
Is 3280 a multiple of 52?
False
Is 4 a factor of 416?
True
Does 6 divide 832?
False
Does 40 divide 81731?
False
Does 4 divide 984?
True
Is 1516 a multiple of 26?
False
Is 381 a multiple of 5?
False
Is 73 a factor of 30076?
True
Is 84 a multiple of 4?
True
Is 249 a factor of 69969?
True
Is 12 a factor of 9672?
True
Is 5 a factor of 35?
True
Does 25 divide 525?
True
Is 30 a factor of 211?
False
Is 13 a factor of 20119?
False
Does 26 divide 1352?
True
Is 8 a factor of 39472?
True
Is 4327 a multiple of 12?
False
Is 2319 a multiple of 25?
False
Is 33731 a multiple of 127?
False
Is 400 a multiple of 16?
True
Is 25 a factor of 2500?
True
Does 27 divide 1404?
True
Is 1107 a multiple of 3?
True
Is 3 a factor of 45?
True
Is 78 a factor of 8574?
False
Does 25 divide 11830?
False
Is 217 a multiple of 10?
False
Is 10736 a multiple of 42?
False
Is 14235 a multiple of 5?
True
Does 57 divide 3534?
True
Is 12 a factor of 12?
True
Does 52 divide 3429?
False
Does 10 divide 474?
False
Does 11 divide 12743?
False
Does 8 divide 840?
True
Is 8945 a multiple of 114?
False
Does 2 divide 16293?
False
Does 7 divide 405?
False
Is 5 a factor of 10?
True
Is 28 a factor of 3570?
False
Is 4975 a multiple of 199?
True
Does 28 divide 15663?
False
Is 4 a factor of 2464?
True
Is 3 a factor of 544?
False
Is 14 a factor of 1792?
True
Does 9 divide 264?
False
Is 9522 a multiple of 6?
True
Is 63 a factor of 4797?
False
Is 3536 a multiple of 68?
True
Is 12324 a multiple of 12?
True
Is 17 a factor of 181?
False
Is 72 a factor of 13313?
False
Does 7 divide 11596?
False
Is 20 a factor of 1689?
False
Is 75 a factor of 2788?
False
Is 146 even?
True
Is 1003 a multiple of 19?
False
Is 1501 a multiple of 17?
False
Is 333 a multiple of 93?
False
Does 17 divide 212?
False
Is 28730 a multiple of 169?
True
Is 15 a factor of 5924?
False
Does 39 divide 5213?
False
Is 16876 a multiple of 25?
False
Is 896 a multiple of 28?
True
Is 5673 a multiple of 61?
True
Is 360 a multiple of 9?
True
Does 17 divide 3451?
True
Is 23280 a multiple of 16?
True
Is 180 a multiple of 18?
True
Does 13 divide 608?
False
Is 5213 a multiple of 29?
False
Is 42 a factor of 33178?
False
Is 18512 a multiple of 8?
True
Does 68 divide 5168?
True
Does 10 divide 1960?
True
Is 101 a factor of 3131?
True
Is 35 a factor of 44516?
False
Is 492 a multiple of 4?
True
Does 63 divide 12367?
False
Does 78 divide 936?
True
Is 81 a factor of 9640?
False
Does 25 divide 1150?
True
Is 13 a factor of 286?
True
Is 197 a multiple of 17?
False
Is 976 a multiple of 16?
True
Does 37 divide 4699?
True
Is 1807 a multiple of 139?
True
Does 73 divide 23229?
False
Does 90 divide 6633?
False
Does 174 divide 31503?
False
Is 2736 a multiple of 171?
True
Is 284 a multiple of 4?
True
Is 28 a factor of 812?
True
Is 59 a factor of 611?
False
Is 1852 a multiple of 84?
False
Does 20 divide 339?
False
Does 208 divide 27664?
True
Is 252 a multiple of 42?
True
Does 20 divide 9840?
True
Is 24 a factor of 145?
False
Is 135 a factor of 10960?
False
Is 21 a factor of 14269?
False
Is 154 a factor of 16324?
True
Is 11 a factor of 953?
False
Is 30 a factor of 64290?
True
Is 754 a multiple of 13?
True
Is 39936 a multiple of 16?
True
Is 14 a factor of 196?
True
Does 66 divide 3498?
True
Does 39 divide 1035?
False
Does 27 divide 23830?
False
Is 8658 a multiple of 13?
True
Does 19 divide 35055?
True
Is 45 a factor of 3015?
True
Does 10 divide 920?
True
Does 76 divide 1672?
True
Is 60 a factor of 18180?
True
Is 32 a factor of 1024?
True
Does 56 divide 20381?
False
Is 15725 a multiple of 40?
False
Does 112 divide 9093?
False
Is 27159 a multiple of 29?
False
Does 32 divide 480?
True
Is 45975 a multiple of 12?
False
Is 3940 a multiple of 6?
False
Does 21 divide 98?
False
Is 12 a factor of 2448?
True
Is 58 a factor of 1046?
False
Is 2508 a multiple of 57?
True
Is 127 a multiple of 2?
False
Does 5 divide 228?
False
Is 13 a factor of 273?
True
Is 7 a factor of 1010?
False
Is 1281 a multiple of 56?
False
Does 83 divide 3882?
False
Does 8 divide 637?
False
Is 1160 a multiple of 8?
True
Is 1768 a multiple of 42?
False
Is 8 a factor of 3273?
False
Does 17 divide 25312?
False
Is 860 a multiple of 28?
False
Is 15 a factor of 10485?
True
Is 714 a multiple of 21?
True
Is 440 a multiple of 8?
True
Is 4410 a multiple of 35?
True
Is 210 a multiple of 10?
True
Does 18 divide 774?
True
Is 93552 a multiple of 12?
True
Is 6 a factor of 546?
True
Is 22 a factor of 726?
True
Does 17 divide 477?
False
Does 145 divide 2465?
True
Is 44 a factor of 4230?
False
Is 57190 a multiple of 301?
True
Does 8 divide 32058?
False
Is 18 a factor of 21766?
False
Is 3247 a multiple of 77?
False
Does 21 divide 939?
False
Is 4991 a multiple of 15?
False
Does 13 divide 3087?
False
Is 16279 a multiple of 23?
False
Does 24 divide 2705?
False
Is 1417 a multiple of 109?
True
Is 21173 a multiple of 319?
False
Does 9 divide 4005?
True
Does 9 divide 9383?
False
Is 51 a factor of 4764?
False
Is 26 a factor of 52156?
True
Is 676 a multiple of 6?
False
Does 7 divide 110?
False
Is 19 a factor of 152?
True
Is 26 a multiple of 23?
False
Does 198 divide 17226?
True
Is 12 a factor of 4625?
False
Is 5 a factor of 82?
False
Is 269 a factor of 19368?
True
Is 1277 a multiple of 58?
False
Is 9 a factor of 118886?
False
Is 111 a factor of 6542?
False
Is 25 a multiple of 2?
False
Is 1159 a multiple of 8?
False
Is 33 a factor of 457?
False
Is 113 a factor of 24739?
False
Is 14 a factor of 1597?
False
Does 64 divide 13243?
False
Is 88660 a multiple of 110?
True
Does 119 divide 238?
True
Is 452 a multiple of 4?
True
Does 70 divide 39002?
False
Is 54 a factor of 810?
True
Is 1485 a multiple of 33?
True
Does 33 divide 6021?
False
Does 21 divide 6496?
False
Is 1845 a multiple of 41?
True
Is 7 a factor of 1140?
False
Is 1064 a multiple of 14?
True
Is 59 even?
False
Does 24 divide 2232?
True
Does 384 divide 80314?
False
Is 47 a factor of 2988?
False
Is 415 a multiple of 29?
False
Is 126 a multiple of 18?
True
Is 19 a factor of 29640?
True
Does 60 divide 25200?
True
Does 70 divide 4200?
True
Is 4 a factor of 44?
True
Is 23 a factor of 3427?
True
Is 1288 a multiple of 4?
True
Is 4 a factor of 6436?
True
Is 364 a multiple of 91?
True
Is 43 a multiple of 43?
True
Is 25 a factor of 15774?
False
Is 13822 a multiple of 24?
False
Is 9 a factor of 411?
False
Does 18 divide 54?
True
Is 62 a factor of 2914?
True
Is 2044 a multiple of 14?
True
Is 49 a factor of 15378?
False
Is 53 a factor of 424?
True
Does 5 divide 1770?
True
Is 1050 a multiple of 14?
True
Does 40 divide 1120?
True
Is 469 a multiple of 67?
True
Does 21 divide 126?
True
Is 6304 a multiple of 13?
False
Does 15 divide 86835?
True
Is 24 a factor of 14018?
False
Is 3 a factor of 198?
True
Is 10 a factor of 1388?
False
Is 518 a multiple of 37?
True
Is 30 a factor of 2030?
False
Does 141 divide 2820?
True
Is 24945 a multiple of 100?
False
Does 4 divide 104?
True
Does 35 divide 4480?
True
Is 2106 a multiple of 25?
False
Is 3922 a multiple of 37?
True
Is 2100 a multiple of 25?
True
Does 55 divide 12430?
True
Is 202 a factor of 24202?
False
Is 189 a factor of 2968